-3*q + 51. What is g(f)?
3
Let s(c) be the second derivative of c**4/6 - 49*c**3/6 + 25*c**2/2 + 514*c. Give s(24).
1
Let g(t) = -2*t - 7. Let o(a) = 6*a + 21. Suppose 2*b - 5*p + 9 = 56, -5*b + 2*p = -65. Let j(n) = b*g(n) + 4*o(n). Give j(6).
19
Let p(v) be the second derivative of v**4/3 - 4*v**3/3 + 9*v**2/2 - 1126*v. Determine p(5).
69
Let x = 1 + -7. Let d(p) = -15*p**2 + 1218*p - 24. Let o(n) = n**2 - 71*n + 1. Let s(c) = d(c) + 17*o(c). What is s(x)?
-1
Suppose -3*r - 2 = -r. Let n(t) = 124*t - 359*t + 114*t + 119*t. Give n(r).
2
Let h(l) = l**3 + 6*l**2 - 8*l. Let b(m) = 4*m - 41. Let z be b(11). Suppose 6 - z = g. Suppose v - g*y = 2*v - 5, 0 = 5*y - 20. Determine h(v).
7
Let g be -11 + 16 + (26 - 5). Let u(z) = -z + 22*z**2 + g*z**2 - 7 + 17*z**2 + z**3 - 61*z**2. Determine u(-5).
-27
Let h(q) = 3*q - 13. Let t be h(7). Suppose t*l - 3*l + z = 22, -2*l + 5*z = 2. Suppose 7*p + l - 25 = 0. Let k(a) = a**3 - 4*a**2 + a - 2. Determine k(p).
-8
Let b(o) = 30*o + 21. Let u(h) = -46*h - 27. Let w(k) = 8*b(k) + 5*u(k). Determine w(-4).
-7
Let c(p) = 26*p + 125. Suppose -18 = -18*o + 4*o - 88. Calculate c(o).
-5
Suppose -2*p + 5*i = 3*p - 40, 4*i = -2*p - 14. Let n(f) = -3*f + 15*f**2 + 12*f**2 - 26*f**2 + p. Calculate n(4).
7
Let l(j) = j**2 - 9*j - 2. Let q(b) = b**3 - 3*b**2 - 18. Let d be q(4). Let a be d/(-2) + (-21)/(9 + -16). Determine l(a).
-22
Let g(w) = w**3 + 41*w**2 + 78*w - 6. Let s be 22*(-23)/(-1012)*-78. Give g(s).
-6
Let w be (873/194)/(0 + 2/(-8)*2). Suppose 0 = 4*y + y - 45. Let z(d) = 2 + 6*d**2 + 10*d - 5*d**2 + y. What is z(w)?
2
Let y be (12121/(-1426))/(6/4 - 1). Let s(f) = -f**2 - 20*f - 32. Determine s(y).
19
Let l(b) = b**2 - 4*b - 5. Let k(p) be the first derivative of -7*p**2/2 - 115*p - 131. Let a be k(-17). Calculate l(a).
-5
Let d(u) = -24*u + 125. Let n(g) = 544*g - 1082. Let x be n(2). What is d(x)?
-19
Let v(p) be the first derivative of -p**4/4 - 10*p**3/3 - 7*p**2 + 19*p + 35. Give v(-8).
3
Let a(o) be the second derivative of -o**4/12 + o**3/3 + 13*o**2/2 - 25*o - 1. Give a(-3).
-2
Let c = -3 - 3. Let n(p) = 15*p**2 - p - 6. Let m(l) = 7*l**2 - 3. Let v(d) = -14*d**2 + 1. Let b be v(-1). Let z(y) = b*m(y) + 6*n(y). What is z(c)?
3
Let i be 34*(-3)/6*(-6)/6. Suppose 0 = i*w + 103 - 137. Let f(m) = m**3 - m**2 + m - 2. Give f(w).
4
Let c(m) = -m**2 + 5*m - 5. Let t(a) = 7. Let l(f) = -c(f) - 8*t(f). Determine l(10).
-1
Let m(i) be the first derivative of -9*i**2/2 - 9*i - 1911. What is m(-4)?
27
Let s(m) = m**3 - 10*m**2 - m + 8. Let g(j) = 5*j**3 - 2*j**2 + 3*j - 8. Let t be g(3). Let a = t - 108. Give s(a).
-2
Let n = 154049 - 154045. Let k(h) be the second derivative of -h**4/12 + 2*h**3/3 - 5*h**2/2 - h. Give k(n).
-5
Let k be (-3)/(((-3)/(-5))/(578/(-170)))*1. Let p(x) = -2*x + 30. Determine p(k).
-4
Suppose 6620 = 3*c - 12*o + 11*o, 3*c + 4*o - 6595 = 0. Let h(r) = -2*r**2 + 2205 - c - 2*r**2. Suppose 0*s + 2*w = -2*s, 4*w - 4 = 0. Give h(s).
-4
Let z(c) = 665 + 7*c + 15*c**3 - 664 + 4*c**2 - 36*c**3 + 23*c**3 + 3*c**2. Determine z(-3).
-11
Let l(q) = q**3 + 2*q**2 - 7*q + 5. Suppose 2*d - 16 = -5*b, -5*d = 4*b - 16 - 7. Give l(b).
7
Let y = 5104 + -5101. Let l(m) = 2*m**2 - 4*m + 5. Calculate l(y).
11
Let r(i) be the first derivative of -i**2 - i**3 + 61 - 1/4*i**4 - 3*i. Suppose 3*o + 13 = h, -h = 4*o + 3 + 5. What is r(o)?
3
Let f(c) be the second derivative of c**4/12 + c**3/6 - c**2/2 - 3*c + 3. Let g(y) = y**3 - 12*y**2 + 21*y - 13. Let x be g(10). Determine f(x).
5
Let s(c) = c**2 - 11*c - 12. Suppose 5*y + 8*y = 4*y. Suppose -19*n + 11 + 198 = y. Determine s(n).
-12
Let r(i) = 2*i - 7. Let q(y) = -y + 3. Let p(x) = 9*q(x) + 4*r(x). Suppose 11*d + 9*d = 80. Suppose 0 = -d*z + 3*k - 28, -3*k + 5 = -2*z - 3. What is p(z)?
9
Let d(z) = 53*z - 6*z + 2991 - 2616. Give d(-8).
-1
Suppose -3*y + 48 = 12. Suppose -n - 4*q - 2 - 2 = 0, 0 = -3*n - 3*q - y. Let t(d) be the first derivative of -d**3/3 - 3*d**2/2 - 2*d - 138. Determine t(n).
-6
Let b(g) be the second derivative of g**5/60 + 13*g**4/24 + 3*g**3/2 - 139*g**2/2 + 60*g. Let r(o) be the first derivative of b(o). Calculate r(-6).
-33
Suppose -2059*h + 1865*h - 1552 = 0. Let t(n) = 1 + 5*n + 5 + n**2 + 3*n. What is t(h)?
6
Let n(i) = 50*i**2 + 13*i + 34. Let x(u) = 43*u**2 + 13*u + 34. Let m(j) = 6*n(j) - 7*x(j). Calculate m(-10).
-4
Let v(b) = 11*b**2 - 87*b + 77. Let l(i) = -2*i**2 + 15*i. Let t(x) = 6*l(x) + v(x). Give t(10).
7
Let d(m) = -8*m + 13. Suppose -65*t = -302 - 218. Give d(t).
-51
Suppose -2*w - 4*s = 10, -4*w + 0*w - 5*s = 5. Suppose 2*p = -0*k - w*k + 15, k - 21 = -4*p. Let m(t) = 8*t - 1. Determine m(k).
7
Let z be (-1)/4*-2*(-264)/(-11). Let h(k) be the third derivative of k**4/8 - 13*k**3/3 + 22*k**2 + 2*k. What is h(z)?
10
Suppose -48*c + 9*c = 172*c + 1688. Let o(r) = -r**2 - 6*r + 1. What is o(c)?
-15
Let c(k) be the second derivative of -k**5/60 - 7*k**4/24 + k**3/3 + 73*k**2/2 - 40*k. Let o(j) be the first derivative of c(j). Calculate o(-7).
2
Suppose 0*p + 13 = -p. Let d(b) = 14*b**2 + 6*b + 1. Let w(i) = 28*i**2 + 13*i + 2. Suppose 0 = -2*k - 0*k + 12. Let v(t) = k*w(t) + p*d(t). Give v(-1).
-15
Let b(c) = 53*c**2 + 53811*c - 54*c**2 - 53810*c. Suppose -2*y + 7 + 5 = 0. Determine b(y).
-30
Let p(i) = i**3 + 3*i**2 + i - 3. Let r be p(0). Let u(v) = -v**3 - 2*v**2 + 3*v + 5. What is u(r)?
5
Let b be 1 - (18/2 - 2). Let w(z) = -4*z - 10. Let c be w(-3). Let m(x) = -x**2 + 46*x - 1 + 2 + 2*x**c - 39*x. Determine m(b).
-5
Let l(r) = r**2 + 16*r - 21. Let z(s) = 6*s + 271. Let d be z(-48). Determine l(d).
-4
Let d(g) = -5*g**2 + 14*g - 29. Let x(w) = w**2 - w + 2. Let u(k) = d(k) + 4*x(k). Give u(6).
3
Let b = -137 + 135. Let d = 10 + -7. Let o(q) = 7*q**3 - 1 - 4*q + 2*q**2 + 3*q - q**3 - d*q**3. Determine o(b).
-15
Let t(c) = c**3 - c**2 - 2*c + 1. Suppose 31*j - 4850 = -12693. Let w = -251 - j. What is t(w)?
1
Let z(l) be the first derivative of -l**2/2 + 7*l - 325. Give z(8).
-1
Let q(x) = -x**3 + 16*x**2 + 17*x + 14. Let n(g) = -8*g - 375. Let u be n(-49). What is q(u)?
14
Let s(p) = -13*p - 38. Let u be s(-4). Let c(w) = w - 25. Determine c(u).
-11
Let w(x) = x**2 - 12 + 24 - 21*x + 2*x + 33 - 2*x. Determine w(22).
67
Let q(g) = -139*g - 164. Let k(y) = 47*y + 54. Let x(s) = -17*k(s) - 6*q(s). Let c be x(-2). Let r(b) = -2*b + 3*b**2 - 6*b**2 + 5 + 2*b**2. Give r(c).
-3
Let r be 7/3 + (-2)/(-3). Suppose -5*h - 5 = -2*c, 3*h = 3*c + 3 + r. Let f(a) = 794*a + a**3 + 7 + 6*a**2 + 770*a + 792*a - 2351*a. What is f(c)?
7
Let x = 307 + -295. Let b(h) = 5 - x*h - 6*h - 15 - h**2 + 6*h. Give b(-11).
1
Suppose -197 = 60*v + 103. Let f(k) = k**3 + 0*k + 3*k**2 + 3*k**2 - k - 3 - k**2. Calculate f(v).
2
Suppose 159*h - 54 = 132*h. Let v(f) be the third derivative of 0*f + 1/3*f**3 - 1/120*f**6 + 21*f**h - 1/15*f**5 + 0 + 1/6*f**4. Calculate v(-4).
-14
Let k(j) = 8*j**3 - 20*j**2 + 1. Let u(i) = -9*i**3 + 21*i**2 - 2*i - 1. Let l(n) = 8*k(n) + 7*u(n). Give l(14).
1
Let n(f) = -f**3 + 8*f**2 + f - 7. Let r = -23 + 13. Let u(p) = -p**3 - 11*p**2 - 8*p + 28. Let a be u(r). Give n(a).
1
Let l(g) be the first derivative of g**3/3 - g**2/2 + g + 1151. Suppose 4*o = -o + 40. Suppose o = 7*k - 3*k. Determine l(k).
3
Suppose 5*i = -4*c + 7 - 11, 0 = -5*i - c - 1. Suppose -4*a - 4*j = 44, 2*a = -5*j - i*j - 37. Let u(o) = 2*o + 6. Give u(a).
-6
Let m be 2 + (-6)/(-15) + 3/5. Suppose -4*z + m - 39 = 0. Let c(y) = -y**3 - 11*y**2 - 19*y - 12. Let l be c(z). Let f(g) = g + 3. Determine f(l).
0
Let s(k) = -1771*k + 0 + 1 - 1781*k + 5343*k - 1773*k. Suppose -4*m - 4*l - 10 = -3*m, -2*l = -4*m - 4. Calculate s(m).
-35
Suppose -244 = 7*h - 937. Let m(a) = 6 + 196*a**2 + 9*a - h*a**2 - 96*a**2. Give m(-8).
-2
Let g(a) = -3*a**2 + 18*a - 16. Let b(j) = -4*j**2 + 20*j - 8. Let c(m) = -2*b(m) + 3*g(m). Give c(12).
-8
Let n(a) be the second derivative of a**4/4 - 17*a**3/3 - 19*a**2 - 9*a + 195. Calculate n(12).
-14
Suppose 20*c = -3055 - 2905. Let q = -302 - c. Let y(t) = -t**3 - 3*t**2 + 2*t - 9. What is y(q)?
-1
Let u(k) = -8916 + 17962 - 9*k - 8811. Give u(26).
1
Suppose 42*z - 26 = 29*z. Let h(p) = 0*p**3 + p**3 + p - 4*p**2 + p + 1. Let r(i) = 4*i**3 - 17*i**2 + 8*i + 4. Let q(b) = 9*h(b) - 2*r(b). Determine q(z).
5
Suppose -5*d + 25 + 15 = 